13*z + 29*z = 34864. Is z prime?
True
Is 2927/((5 - 9)/(-44)) composite?
True
Let u(y) = 295*y - 21*y + 3 - 4 + 10. Is u(2) composite?
False
Let b = 498 + -775. Suppose 5*p + 130 = -3*s - 830, -3*p + 4*s = 576. Let n = p - b. Is n prime?
False
Suppose 100*v = 68*v + 33248. Is v a prime number?
True
Suppose 0 = -m - 86 + 17. Let z = m - -224. Is z prime?
False
Let w(v) = -2*v - 12. Let z be w(-9). Is 2 + (-435)/z*84/(-10) a prime number?
False
Let v(g) = g**3 + 11*g**2 - 12*g + 3. Let o be v(-12). Suppose 0 = o*a - 5*a. Suppose a = 5*n - s + 6*s - 985, 0 = -5*n + 2*s + 999. Is n composite?
False
Let d(x) be the second derivative of x**5/20 + 5*x**4/12 + 2*x**3/3 - x. Let i be d(-4). Suppose i*h = 3*h - 1011. Is h a prime number?
True
Suppose -t + 2*n = -0*n - 3197, 4*t = -2*n + 12828. Is t a composite number?
True
Let r be ((-21)/5)/(18/90). Is (-8)/28 + (-2757)/r a prime number?
True
Let n(h) = 9*h**2 - 14*h - 3. Let u(g) = g**2 + 3*g + 6. Let j be u(-4). Is n(j) composite?
False
Suppose -11 - 4 = -5*r. Suppose -281 = r*d + 889. Let i = d + 837. Is i a prime number?
False
Suppose -589 = -5*l - 20279. Let q = 12439 + l. Is q prime?
True
Let h be 10/4*(7 - 44/20). Suppose 15*s = h*s + 762. Is s prime?
False
Suppose 2*w + 2*w = 13488. Let s = w + -1423. Is s a prime number?
True
Let p(v) = v**2 - 4*v - 28. Let i be p(8). Suppose 3769 = -i*c + 14085. Is c composite?
False
Is (60/40)/(2 + (-383763)/191886) a prime number?
True
Suppose -5*b + 15986 = -3*b. Is b a composite number?
False
Suppose 0 = 5*i + q - 21447, -17*i - q = -15*i - 8580. Is i a composite number?
False
Let l be (-40)/(-25)*5/2. Suppose w - 17 = 3*x, 5*x + 3*w = l*w - 27. Is (-3582)/(-30) - (-2)/x a prime number?
False
Suppose 14*k - 12*k - 18700 = 0. Suppose 3051 = -m + k. Is m a composite number?
False
Suppose 639*r - 252 = 635*r. Suppose -10 = j - 68. Let w = j + r. Is w a prime number?
False
Let s = -4469 + 8230. Is s a prime number?
True
Let c = -14 - -19. Suppose c*b - 27 = 103. Is b a composite number?
True
Let c(n) = 182*n - 209. Is c(23) prime?
False
Let g be -4*(1 - 1923/(-6)). Let h = g + 1842. Is (h/6)/(4/6) a prime number?
True
Let f(n) = n**3 - 7*n**2 - 6*n - 11. Let j = 1 + 7. Let k be f(j). Suppose 2*z + r + 29 = 3*z, 4*z + k*r = 80. Is z a prime number?
False
Let l(b) = 4*b**2 - 3*b + 1. Let z(i) = 9*i**2 - 7*i + 1. Let w(v) = -5*l(v) + 3*z(v). Is w(2) composite?
True
Let g(q) = 6*q**2 - 5*q - 19. Let j be 45/5 - (-1 + -2 - 0). Is g(j) prime?
False
Let j = -474 + 1733. Is j a composite number?
False
Let x = -341 + 727. Let c = x + -13. Is c a composite number?
False
Let w = 21 + -21. Is 127 + -19 - (-1 + w) a prime number?
True
Let t = 4642 - 2919. Is t a prime number?
True
Suppose 4*u - 42235 = -g, -3*u - 2*g + 3*g = -31678. Is u a composite number?
False
Let j(v) = v**2 + 39*v + 1. Is j(29) a composite number?
False
Let v be (-20)/(-60) - 167/(-3). Is (318/24)/(2/v) prime?
False
Suppose 4*p = -f + 1391, -3*f + f + p + 2800 = 0. Is f prime?
True
Suppose -3*m + 4 = -2*m. Suppose 0 = -5*l - 2*z + 20, -4*z = 7*l - 3*l - m. Is ((-4)/l)/(14/(-987)) prime?
True
Is (-39)/(-26)*97910/15 prime?
True
Suppose n = 2 + 2. Let f be (1 + -1)/(-5 + 4). Is f + (n - 5)*-82 composite?
True
Suppose 17 = 6*g - 13. Suppose 3*r + 544 = 2*s, 0*s + r + 1347 = g*s. Is s prime?
True
Let b(q) = -568*q - 43. Is b(-3) a prime number?
False
Let n(w) = -w**3 + 2*w**2 + 4. Let b be n(3). Let q(z) = 6*z**2 + 3*z - 8. Is q(b) prime?
True
Let i be (-1)/(2 + (-6820)/3408). Let l(s) = s**2 - 7*s + 9. Let y be l(6). Suppose y*w - i = -3*a - 0*w, 4*a - 1151 = w. Is a a prime number?
False
Suppose -k = k - 5*b + 16, 0 = -3*k + b + 2. Suppose -k*g - 57 = 87. Is 1 - ((5 - 3) + g) a composite number?
False
Suppose -5*d = -41*d + 1333980. Is d a composite number?
True
Let z(q) = 7*q + 9. Let v be z(-2). Let y(c) = -467*c - 2 + 0 + 3 + 99*c. Is y(v) a composite number?
True
Is (-5)/(((-6)/79)/6) a prime number?
False
Let y(r) = r**3 + 7*r**2 + 8*r + 9. Suppose -17 = 5*x - 3*m + 10, -4*x - 2*m - 26 = 0. Let w be y(x). Is 911/((2 + w)/(-1)) a prime number?
True
Let r(g) = 913*g + 2. Is r(3) a prime number?
True
Let d(y) = -6*y - 120*y**2 + 4*y - 20 + 202*y**2 - 9*y. Is d(-3) composite?
False
Suppose -42 = -z - 2*z - 3*d, 0 = 5*d - 20. Is z/(-45) - (-12932)/36 prime?
True
Suppose 0 = 7*z - 38773 - 15484. Is z composite?
True
Let p = 2 - -3. Suppose 2*o + 4 = 4*g, 0*g - 2*o = -g - p. Suppose -g*n + 20 = -13. Is n a composite number?
False
Let w(k) be the second derivative of -25*k**3/6 - 59*k**2/2 + 33*k. Is w(-10) a composite number?
False
Let p be (-2)/11 - 14836/(-44). Let a = 17 - 12. Is (-2)/a - p/(-5) composite?
False
Let k be 20/(-6)*1*-6. Suppose -k = -3*q + 7*q. Let r = q - -116. Is r a prime number?
False
Let l = 656 - 368. Let g be l + 0 + 1 + -2. Suppose c + 594 = 2*u - 3*c, -u = -4*c - g. Is u composite?
False
Let h = -5972 + 9099. Suppose -h = -4*d - 435. Is d a prime number?
True
Is (-8 + (-478)/(-4))/(3/282) composite?
True
Let x = -3455 - -2425. Let a be 5/15 + x/(-6). Suppose a = 3*v - 65. Is v prime?
True
Let v be -2 - (-8)/(-5)*30/(-6). Suppose 2*u = v*u - 60. Is u a prime number?
False
Suppose 3*n = m - 3*m + 11, 4*m - 17 = -n. Is m/(0 - -2) + 147 a composite number?
False
Suppose -s + 12373 = 4*y - 8165, 0 = 2*y + 5*s - 10260. Let g = y - -372. Is g a prime number?
True
Let r(t) = 4*t + 2. Let p be r(6). Suppose 0 = -2*n - 5*a + 4*a + p, 4*n - 50 = -a. Is (-4)/n - (-67)/3 composite?
True
Suppose z + 3*j - 2*j = 0, 3*z + 2*j = 0. Suppose f = -z*f + 541. Is f composite?
False
Suppose 0 = 2*p + t - 2807, -t + 1038 = 3*p - 3171. Let g = -473 + -22. Let r = g + p. Is r a composite number?
False
Suppose -13615 = -m - 4*m. Let s = m + -1338. Is s composite?
True
Let z(w) = w**3 - 5*w**2 + 4*w. Let k be z(4). Suppose 0*y + y - 791 = k. Is y a composite number?
True
Suppose -3*f - 2*m + 5762 = 2*f, -2*m = 2*f - 2300. Let n = f - 485. Suppose 4*y = y + n. Is y a composite number?
False
Let k = 550 - -391. Is k a prime number?
True
Let g = 18326 - 9907. Is g a composite number?
False
Suppose -4*r + 144160 = 4*u, -2*u = r + u - 36046. Is r a composite number?
False
Suppose -5*f - 48996 = -41*f. Is f composite?
False
Suppose 0*d - d = 6. Let h = d - -15. Suppose 0 = 2*t + t + h, 0 = 3*a + t - 234. Is a a prime number?
True
Let x = 1 + 11. Is 62/((-50)/186 + 4/x) composite?
True
Suppose -9 = 3*l, -2*l - 3 + 1 = q. Let m = 8 - q. Suppose 0 = -4*o - m*c + 1760, 4*c + 0*c = o - 455. Is o prime?
True
Suppose 87*c = -806133 + 2815224. Is c a composite number?
True
Suppose 2*t - 2594 = -0*t. Let o = t + -662. Is o a prime number?
False
Suppose -5*q - c = -10 + 66, -5*q = -5*c + 50. Is q - -8 - (-180)/1 a prime number?
False
Suppose k - 2*k + 6941 = 4*y, 8673 = 5*y - 2*k. Let o = y - -1116. Is o a composite number?
False
Suppose 2*x = 12*x - 35930. Is x a composite number?
False
Let j(c) be the second derivative of 7*c**4/12 + c**3/6 - 9*c**2/2 - 13*c. Is j(7) a composite number?
True
Suppose 13 = -j + 16. Suppose 10 = -2*g + 4*g. Is j/g - (-3846)/15 a prime number?
True
Let v(b) = 4375*b + 511. Is v(10) a prime number?
False
Let d(g) = 83*g - 4. Let i be d(3). Suppose -3*m - i = -k, -5*k - m + 110 = -1051. Suppose -112 = -3*p + k. Is p a prime number?
False
Let a(p) = -p**2 + 6*p - 1. Let j be a(6). Let x be ((-28)/(-16) + j)*4. Suppose -r - 518 = -x*r. Is r composite?
True
Let i(b) = -457*b - 76. Let u be i(-2). Suppose q + 12 = 5*q. Suppose q*r - 920 = u. Is r a composite number?
True
Let i be 1*177 - (-4)/(-2). Suppose 4*m = 16, 5*m - i = 3*g - 3500. Is g a prime number?
False
Let d = 4188 - 2447. Is d composite?
False
Let q = 3076 - -685. Is q a prime number?
True
Is (-6 - 17*-649)/((-4)/(-4)) a composite number?
False
Suppose 0 = -8*w + 3090 + 14342. Is w composite?
False
Let a(h) be the third derivative of -9*h**2 + 0 + 0*h**3 - 1/24*h**4 - 1/30*h**5 - 53/30*h**6 + 0*h. Is a(-1) a composite number?
False
Let m be 289 - (1 - 1)*-1. Let i = -22 + 24. Suppose m + 385 = i*c. Is c a prime number?
True
Let c = -30 + 32. Let p be (-3 - -4 - c)*5. Is (-1554)/p - 15/(-75) a prime number?
True
Suppose 0 = -2*p + 75 + 15. Is (2241/p)/((-2)/(-10)) a prime number?
False
Let w = 42 + -43. Is 3187/4 - w - 3/4 a pri